*l - 12. What is the remainder when 21 is divided by c?
1
Suppose g = 5*r + 3*g + 10, -5*r = 4*g + 20. Calculate the remainder when 21 is divided by r - 3 - (-2 - 12).
10
Let i(a) = -a + 17. What is the remainder when 37 is divided by i(7)?
7
What is the remainder when (2/(-5) - (-9)/(-90))*-180 is divided by 23?
21
Suppose 0 = -2*i + 9 + 13. Suppose -2 + i = c. What is the remainder when 25 is divided by c?
7
Suppose 2*i = z + 76, 152 = 4*i - 3*z - 2*z. Let t = -24 - -42. Let l = -5 + t. Calculate the remainder when i is divided by l.
12
Let y(k) = k**2 + 7*k + 2. Calculate the remainder when 17 is divided by y(-8).
7
Suppose -2*d = -4, -t = 4*t - 2*d - 36. What is the remainder when t is divided by (-20)/12*27/(-15)?
2
Suppose -228 = -i - 3*i. Suppose i = d + 2*m + 15, 3*d = -2*m + 138. Let v = d + -23. What is the remainder when v is divided by 13?
12
Suppose -232 = -3*p - 91. Suppose 3*l = l + 24. What is the remainder when p is divided by l?
11
Suppose -3*u + 0*u = -6. What is the remainder when u/7 - 702/(-42) is divided by 5?
2
What is the remainder when 77 is divided by -42*-2*(-1)/(-4)?
14
Suppose -4*n + 6 + 26 = 0. Let i = n + -4. Calculate the remainder when 6 is divided by i.
2
Let v(p) = p**2 - 6*p + 1. What is the remainder when v(6) is divided by 3/9*-1*-3?
0
Let t(n) = n**3 + 4*n**2 - 7*n - 5. What is the remainder when 9 is divided by t(-5)?
4
Suppose 3*z - 17 = 76. Calculate the remainder when z is divided by 11.
9
Let p(b) = -b**2 + 17*b - 14. Let u be p(14). Let c = u - 14. What is the remainder when c is divided by 4?
2
Let o(g) = -g**2 + 4*g - 4. Let v be o(4). Let r = 13 + v. Calculate the remainder when 25 is divided by r.
7
Suppose 0 = 3*j - 3*i - 57, -j + 3*i + 5 + 6 = 0. Let p = 12 - 0. Calculate the remainder when j is divided by p.
11
Suppose -15 = -4*c - 4*p - 3, c - 7 = -5*p. Let t be 3 - c/(-2) - 0. Calculate the remainder when 1 is divided by (2 - -1) + t/(-2).
0
Let l = 42 + -26. What is the remainder when 78 + -4 + 6/2 is divided by l?
13
Suppose -25*d = -22*d - 30. Let a be (0 + 1)/(2 + -1). Let q = 3 + a. What is the remainder when d is divided by q?
2
Let w = -22 - -40. What is the remainder when w is divided by 5?
3
Let c(l) = -3*l**2 - 5*l - 4. Let u be c(-3). Let g(j) = -j**2 - 21*j - 19. Calculate the remainder when g(u) is divided by 16.
13
What is the remainder when 55/2 - 1/2 is divided by (-14)/6*(2 - 5)?
6
Suppose -3*i - 4 + 13 = 0, 5*j = -3*i + 14. Let h = j + 1. Suppose h*s + 14 = 3*s. What is the remainder when 40 is divided by s?
12
Let m = 6 - 4. Suppose 12 = g + m. Calculate the remainder when (-2*4)/((-14)/49) is divided by g.
8
Let x = 94 - 57. Suppose 5*q = x + 3. Let u(b) = 32*b**2 - 1. What is the remainder when u(1) is divided by q?
7
Let l = 24 - 17. What is the remainder when l is divided by 5?
2
Let i = 11 - -3. Let h = 27 - 41. Let u = h + 22. Calculate the remainder when i is divided by u.
6
Let r = 449 - 423. Suppose 2*v = -s - 5 + 24, -4*s = v - 13. Calculate the remainder when r is divided by v.
8
Let z(i) = i**2 - 4*i - 4. Suppose -k - 2 - 3 = 0, 2*f - k - 71 = 0. What is the remainder when f is divided by z(7)?
16
Let p = -33 - -47. Calculate the remainder when p is divided by 2*((-6)/(-4) - -1).
4
Let o = -12 - -28. Suppose o = 3*v - 11. Let c(y) = y**3 - 5*y**2 - 3*y - 2. What is the remainder when c(6) is divided by v?
7
Suppose 310 = 5*n - 0*n. What is the remainder when n is divided by 16?
14
What is the remainder when (2*17/(-2))/(-1) is divided by 5?
2
Suppose 4*s - a + 16 = 3*a, 3*s - 5*a + 10 = 0. Let g = 28 + -19. Calculate the remainder when -5*5*(4 + s) is divided by g.
7
Let k = -18 - -33. Let q(r) = -8*r + 3. What is the remainder when q(-3) is divided by k?
12
Suppose -4*q - 9 = -q. Let h(g) = -2*g - 3. Let y = -6 - -11. Calculate the remainder when y is divided by h(q).
2
Calculate the remainder when (-3)/2*(-2 - 8) is divided by (16/(-10))/(2/(-10)).
7
Let c(n) = 5*n. Let s(q) = -51*q. Let o(v) = 63*c(v) + 6*s(v). Suppose 0 = -3*z + 3 + 3. What is the remainder when 35 is divided by o(z)?
17
Let r(m) = -57*m + 2. Let c be r(-2). Let l = -65 + c. Suppose 2*d - 3*z + l = 5*d, 33 = 3*d - 3*z. What is the remainder when d is divided by 8?
6
Suppose 4*n - 35 = 45. Suppose -3*u = -31 - 2. Calculate the remainder when n is divided by u.
9
Suppose -4*s + 152 = -88. Let m(a) = 31*a**3. Calculate the remainder when s is divided by m(1).
29
Let z(n) = n**2 - n + 20. Let h be z(0). Suppose 0 = -3*a + 3, 5*g - 78 + h = 2*a. Let u = -10 + g. Calculate the remainder when 7 is divided by u.
1
Let y(d) = -12*d**3 - d**2 + 2*d + 3. Calculate the remainder when 57 is divided by y(-1).
9
Suppose 4*u - 3*s = -107, -u - 37 + 2 = 2*s. Let h = 1 - u. Let q(n) = n**2 + n - 1. Calculate the remainder when h is divided by q(3).
8
Let q be 114/15 + 6/15. Let k = q + -10. Calculate the remainder when 4 + k - (-32)/2 is divided by 7.
4
Let x(a) = 4*a + 9. Calculate the remainder when 12 is divided by x(-1).
2
Let a = 7 + -3. Suppose -92 = -4*d - a*r, 3*d - 3*r = -2*d + 91. What is the remainder when d is divided by 11?
9
Suppose k = 13 + 27. Suppose -m = 3*m - k. What is the remainder when 29 is divided by m?
9
Let c(n) = -n**3 + 4*n**2 + 3*n + 4. Let x be c(5). Calculate the remainder when 23 is divided by 1/2 - 45/x.
7
Let z be 436/10 - (-8)/20. Let l = z + -28. Calculate the remainder when ((-46)/(-5))/(3/15) is divided by l.
14
Suppose 105 = 4*r + w, -5*r + 2*r + 73 = -5*w. What is the remainder when 77 is divided by r?
25
Let a(v) = -v**3 - 7*v**2 - 6*v + 5. Suppose -2*t = 3*i + 24, -3*i = -8*i + 2*t - 24. Calculate the remainder when a(i) is divided by 3.
2
Suppose -30 = -3*z + 6. Suppose 0 = -3*t - 5*g + z, -15 = -3*t - 4*g. What is the remainder when 26 is divided by t?
8
Let b = 91 + -67. What is the remainder when 45 is divided by b?
21
Let g = 3 + -1. Suppose -g*q = -5*q - 168. Let t = q - -93. Calculate the remainder when t is divided by 13.
11
Let x = -21 + 54. Suppose d + x = 4*d. What is the remainder when 20 is divided by d?
9
What is the remainder when 53/(4/4) - -5 is divided by 21?
16
Suppose -4*p - 32 = -4*b - 0*b, -p + 7 = 4*b. Let j be 6 + p - (1 + -2). Let u(g) = g**3 + g**2 + 2. What is the remainder when 40 is divided by u(j)?
12
Let m(w) = 7*w - 3. Let d(c) = 2*c**2 + c. What is the remainder when m(2) is divided by d(-2)?
5
Let b = 62 - 31. Let u(x) = 3*x**2 - 22*x + 1. Calculate the remainder when b is divided by u(8).
14
Let x(z) = 2*z**2 + z. Let i be x(1). Suppose 6*t - n = 3*t + 32, -i*n + 36 = 3*t. What is the remainder when t is divided by 6?
5
Let g(r) = r**2 + 7*r + 4. Let u be g(-7). Suppose 3*f + 4*x - 91 = 0, 0 = -u*f + 2*x + 71 + 21. Calculate the remainder when f is divided by 9.
7
Suppose -2*q - z = 205, 2*q - 5*z + 535 = -3*q. Let g = -37 - q. Suppose -2*u + g = u + 5*d, 0 = -u + 2*d + 37. Calculate the remainder when u is divided by 15.
14
Let u be (-4)/(-6)*(-81)/(-6). Let x = 26 - u. What is the remainder when 67 is divided by x?
16
Suppose 5*f = -4 + 9, -2*q + 12 = 2*f. Suppose 3*z + q = -10, 2*z + 265 = 5*k. Let y = -25 + 51. What is the remainder when k is divided by y?
25
Let b(o) = -o**3 + 14*o**2 + 14*o + 20. Let s be b(15). Suppose 3*i = 3*j + i - 35, 2*i + 57 = s*j. Calculate the remainder when 43 is divided by j.
10
Suppose 520 = 6*m - m. Suppose l - 176 - m = -5*i, l - 5 = 0. Suppose 0 = -0*g + 3*g + 5*u - 19, 4*u = 3*g - i. Calculate the remainder when 37 is divided by g.
11
Let y be (-1)/2*6*-3. What is the remainder when 2/(20/y - 2) is divided by 6?
3
Suppose 28 = -0*f + 4*f. Suppose s - 17 = f. Calculate the remainder when s is divided by 13.
11
Let s = -7 + 7. Suppose s = 5*x - 2*u - 95, 3*x + 0*u - 78 = -3*u. What is the remainder when x is divided by 11?
10
Let h(k) = k**2 - 4*k - k**2 + 7 + 2*k**2 - 3*k**2. Let t be h(-5). Suppose 50 = 7*z - t*z. Calculate the remainder when z is divided by 3.
1
Let k = -2 + 6. Let j(d) = d + 2*d**2 + k + 0 - 3*d**2. Calculate the remainder when 10 is divided by j(0).
2
Let y = 151 + -87. Calculate the remainder when y is divided by 23.
18
Let x(w) = w**3 - 4*w**2 + 4*w. Let b(y) = -2*y - 4. Let j be b(-4). Let q(z) = z - 1. Let c be q(j). What is the remainder when 7 is divided by x(c)